ist the prime factors of t(2).
7
Let u(m) = -m**2 + 1. Let r be u(3). List the prime factors of 59/4 + (-2)/r.
3, 5
Let k be 0/(6/(0 - -3)). Suppose 4*t + g = -k*t + 45, -t + 18 = -2*g. Suppose t = 4*d - 2*f, 4*d - f = 3*f + 8. What are the prime factors of d?
2
Let z = -6 + 9. Suppose 0 = 2*g - 2*f - 20, z*g + f = -3*f + 30. Let v = 16 - g. List the prime factors of v.
2, 3
Let v = 4 + -4. Suppose n = -v*n + 12. What are the prime factors of n?
2, 3
Suppose -6*t = -2*t - 76. List the prime factors of t.
19
Suppose 2*j - 8 = 3*j. Suppose 0 = 3*f + 9, -2*f - 3*f = v + 1. Let a = v + j. What are the prime factors of a?
2, 3
Let t = -7 - -10. List the prime factors of t.
3
Let w(k) = -2*k**2 - k + 4. Let f(x) = 2*x**2 - 4. Let z(j) = 6*f(j) + 5*w(j). List the prime factors of z(4).
2
Let g(f) be the second derivative of -f**4/12 - 17*f**3/6 - 8*f**2 + 3*f. What are the prime factors of g(-14)?
2, 13
Let l = 15 - 5. Suppose 2*j + q - l = 4*q, -4*q = 2*j - 24. What are the prime factors of j?
2
Suppose -a = 4*w - 68, 0*w - 3*w - 189 = -3*a. What are the prime factors of a?
2
Let h be 26/(-4)*(2 - 0). Let d = 24 - h. Suppose 0 = 3*k - 4*x + 1 - d, 20 = k - 4*x. List the prime factors of k.
2
Suppose -3*u + 2*u = 13. Let p = 26 + u. List the prime factors of p.
13
Suppose 0*d - 2*d = -4. What are the prime factors of d - (-1)/(-2)*-26?
3, 5
Let d be (-2)/5 + (-681)/(-15). Suppose 5*z + 4*j = 45, -3*j = -0*z + 5*z - d. Let t = z + -6. List the prime factors of t.
3
List the prime factors of -2 + 39/18 - 485/(-6).
3
Let j(x) = x**2 + 5*x - 6. Let u be j(-6). Suppose u = b - 5*b + 120. List the prime factors of b.
2, 3, 5
Suppose 2*j + 2 = -0, 3*f - 20 = 2*j. Suppose 3*i - 5 = -5*p + 1, -3*i + f = p. Suppose p = -2*t + 3*n + 19 + 14, 3*t - 4*n = 47. List the prime factors of t.
3
Suppose -2*r + 41 = -r. Suppose 5*o - 47 = -2*h, 4*o + 3*h = -2*h + r. Suppose 2*l - 5*z = 1 + 2, 5*z - o = -l. List the prime factors of l.
2
Suppose 0*x - x - 2478 = -5*l, 3*l - 4*x = 1497. Let m be (4/(-6))/((-3)/l). Suppose m = 5*r - 2*d, 0 = -3*r + 4*d + 105 - 25. What are the prime factors of r?
2, 5
Let r = -105 - -279. List the prime factors of r.
2, 3, 29
Suppose -2*x + 1056 = 2*x. Let n be (3/6)/((-3)/x). List the prime factors of 1/(-4) + (-715)/n.
2
Suppose 323 = 4*b - 9. Suppose 3*q - 16 - b = 0. Suppose -7 - q = -5*j. List the prime factors of j.
2
Let m(s) = 8*s + 7. Let p(r) = 4*r + 4. Let y(l) = 3*m(l) - 5*p(l). List the prime factors of y(7).
29
Suppose -3*q + 315 = 2*q. Suppose -q - 47 = -5*w. What are the prime factors of w?
2, 11
Let d = 84 + -47. List the prime factors of d.
37
Let f = -7 + 13. Let n = f - 2. Suppose 1 = -n*p - 3, p = 5*s - 51. What are the prime factors of s?
2, 5
Let j(u) = u**3 + u**2 + 3*u - 3. Let r be j(2). Let v = r - 4. What are the prime factors of v?
11
Let i(q) = -3*q + 36. What are the prime factors of i(0)?
2, 3
Let w(l) = 11*l**2. Let n be w(-1). Let g = n + -4. Suppose -3*a = g - 37. List the prime factors of a.
2, 5
Let u = 476 + -328. List the prime factors of u.
2, 37
Let s = 68 + 59. What are the prime factors of s?
127
Let d(u) = u**2 - 1. Suppose -4*s - 20 = -z, -18 = -z + s + 4*s. Suppose -4*b - k = 17, -b + k - 6*k - z = 0. What are the prime factors of d(b)?
2
Let d(k) = -k**2 + k - 1. Let p be d(-3). Let t = p + 25. What are the prime factors of t?
2, 3
Let g(i) = i**3 - 6*i**2. Let s be g(6). Let v(b) = b + 9. Let z be v(-2). Let h = z - s. List the prime factors of h.
7
Suppose -4*y - 4 = 8. What are the prime factors of (y/(-9) + 0)*12?
2
Let g(f) = 6*f - 1. Let v be g(3). Let z = v - 15. List the prime factors of z.
2
Suppose -3*b + 297 = -147. List the prime factors of b.
2, 37
Suppose 2*a - 43 = -h + 24, 3*a - 5*h - 107 = 0. List the prime factors of a.
2, 17
Let s(z) = z - 2. Let c be s(7). Suppose c*f = -56 + 161. List the prime factors of f.
3, 7
Let k(l) = l. Let c be k(4). Suppose 2*w + 0 = -x + 13, c*x - 13 = 5*w. List the prime factors of x.
7
Let h(w) = -2*w + 16. List the prime factors of h(0).
2
Let p(j) = -j + 4*j - 5 + 4. What are the prime factors of p(4)?
11
Suppose -2*x = -0 - 8. List the prime factors of x.
2
Let w = 3 + 3. List the prime factors of w/2 + 4/(-4).
2
Let x(b) = -64*b + 1. Let j be x(-1). Suppose 2*u + 10 - 37 = -5*z, 4*u = z + j. What are the prime factors of u?
2
Suppose 2*x = -4*j - 0*x + 6, 0 = 2*j + 4*x. Suppose 110 = 4*v + j*r + r, 0 = v - 2*r - 22. List the prime factors of v.
2, 13
Suppose -2*w = -4*h - 3 + 209, -4*h + 4*w = -208. List the prime factors of h.
3, 17
Let a(z) = -6*z**2 + 3*z. Let s be a(2). Let j be ((-2)/(-4))/((-3)/s). Suppose -j*t + 2*k + 26 = 0, -4 = k - 3. List the prime factors of t.
2
Let k = -412 - -589. What are the prime factors of k?
3, 59
Let g = 1 - -2. Suppose 0 = 5*b - g*s - 16, s = -4*b - 3*s. List the prime factors of b.
2
Let b = -75 + 124. What are the prime factors of b?
7
Suppose 6*b = 2*b + 128. What are the prime factors of b?
2
Let r(d) be the first derivative of 0*d**2 + d + 1 + 1/3*d**3. List the prime factors of r(-2).
5
Suppose 8 = 4*c - 4. Suppose -c*v + 7*v = 132. What are the prime factors of v?
3, 11
Suppose 0 = 4*l + 2*t - 265 + 45, -5*l + 282 = -t. List the prime factors of l.
2, 7
Suppose -u - 4*u = 0. Suppose -a - a = u, 2*a - 48 = -4*c. List the prime factors of c.
2, 3
Suppose -3*l + 23 = -64. Let d = -4 + l. List the prime factors of d.
5
Suppose -4*z + 26 = -122. Let l = -50 + 28. Let r = l + z. List the prime factors of r.
3, 5
Let h(m) = m**2 - 2. Suppose 4*a + 0*a + 8 = 0. List the prime factors of h(a).
2
Suppose 0 = -0*s - 2*s + 6. List the prime factors of s.
3
Let c(m) = 39*m**3 + 2*m**2 - 1. What are the prime factors of c(1)?
2, 5
Suppose -6 = 4*i - 3*p - 29, 0 = -4*i + 2*p + 26. Let l = -6 + i. List the prime factors of l.
2
Suppose -2*p + 2*d = -112, -3*p + 0*p - 4*d + 168 = 0. List the prime factors of (-90)/(-105)*p/2.
2, 3
Suppose -381 = -x - 2*x. What are the prime factors of x?
127
Suppose -342 - 152 = -2*o. What are the prime factors of o?
13, 19
List the prime factors of 4/(315/(-160) + 2).
2
What are the prime factors of (0 - (-9 + 4))*10?
2, 5
Let x(y) = y**3 + 5*y**2 + 2*y + 7. Let f be x(-5). Let g be -5 - -2*f/6. Let p(m) = -2*m - 3. What are the prime factors of p(g)?
3
Let c = -104 + 163. What are the prime factors of c?
59
Suppose -5*t + 4*c + 132 = -0*t, 0 = 2*t + 2*c - 42. Suppose 0 = 3*p + p - t. Let f = p + -3. What are the prime factors of f?
3
Let w = -2 - -4. Suppose -4*r - 5*j = -28, 4*r + w*j = 4*j. Suppose -r*k = 3 - 15. List the prime factors of k.
2, 3
Let b = 4 - -4. Let o = -2 + b. List the prime factors of o.
2, 3
Let w = 60 - 21. Let d = w - 13. List the prime factors of d.
2, 13
Let z(h) = h + 17. What are the prime factors of z(-8)?
3
Let n(z) = -z**3 + 23*z**2 - 17*z + 35. List the prime factors of n(22).
5, 29
Suppose -26*w = -21*w - 180. List the prime factors of w.
2, 3
Let x(o) = o + 11. Let w be x(-7). Suppose w*a - 3 = 5. Suppose -a*q = -0*q - 4. What are the prime factors of q?
2
Suppose 2*h + 4*w - 14 = 0, 1 = -3*w + 10. Let g be -2*4/(3 - 1). List the prime factors of (h + g)/(1/(-2)).
2, 3
Suppose 2*n - 30 = -n + q, -3*q - 36 = -3*n. List the prime factors of n.
3
Let p = 91 - 55. Let g = -31 + 15. Let k = g + p. What are the prime factors of k?
2, 5
Let i(d) = -11*d**2 + 1. Let p be ((-2)/(-4))/((-1)/(-2)). Let s be i(p). What are the prime factors of (-66)/s - 10/(-25)?
7
Let c(v) = -9 - 5 + 11 - 2*v. What are the prime factors of c(-6)?
3
Let f(l) = 4*l**2 - 7*l - 1. What are the prime factors of f(3)?
2, 7
List the prime factors of -4*1/(-4)*6.
2, 3
Let t(q) = 7*q**3 + 4*q**2 + 2*q - 1. Let n be t(-2). What are the prime factors of 2*(-1)/(6/n)?
3, 5
Let g be (1 - -1)*(-1 + 2). Suppose -4*b + 3*l = -2*b - 23, b + 4*l = 17. Suppose -5*w + 2 = 4*c - b, g*w + 5*c + 11 = 0. What are the prime factors of w?
7
Let x be (-1)/(2*(-3)/18). Suppose x*v - 6*v = -9. Suppose v*h + 75 = 5*j, -j - 3*h = -4*h - 13. List the prime factors of j.
2, 3
Let q(d) = 5*d**2 - d. Let y be q(-1). Let k = y - 3. What are the prime factors of k?
3
List the prime factors of (-124)/(-3) + (-3)/9.
41
Suppose 0 = -3*f - 4*d + 25, -2*f + 8*d = 3*d + 14. Suppose 4*i = -3*w + 2*w - 10, -15